e 12) to base 6
-2203243
What is -42a848 (base 11) in base 2?
-10100111111011001000
What is 13311330103 (base 4) in base 8?
7657423
What is 16ffaf (base 16) in base 15?
1eb8d2
Convert 41341 (base 11) to base 4.
32232033
Convert -348ba14 (base 12) to base 13.
-21402a9
21aa9b (base 12) to base 9
1007852
What is -37a88 (base 12) in base 4?
-102201020
-44959 (base 12) to base 14
-2535b
What is -2101021121 (base 4) in base 9?
-1105468
Convert b29ba (base 12) to base 8.
707036
Convert 705614 (base 8) to base 5.
24413312
-63155 (base 11) to base 4
-112131310
What is 111b4b3 (base 12) in base 4?
30133220013
What is 4364407 (base 10) in base 7?
52045135
680854 (base 9) to base 16
637b7
Convert 1002321213 (base 5) to base 4.
13213012233
3451667 (base 10) to base 11
1a4831a
What is 20222212131 (base 4) in base 8?
10524635
Convert -7bd72 (base 14) to base 6.
-10244544
Convert 221102123 (base 6) to base 3.
21110220022220
Convert 122501240 (base 6) to base 4.
21003012120
What is -11a87 (base 13) in base 12?
-16a13
Convert 4171070 (base 9) to base 15.
2e12dc
Convert 462b66 (base 14) to base 15.
32301b
What is 13dd3e (base 16) in base 2?
100111101110100111110
What is 1678815 (base 9) in base 7?
10655102
Convert -4a79515 (base 11) to base 15.
-b90db1
Convert 820324 (base 9) to base 3.
220200100211
Convert -100010100100111000 (base 2) to base 9.
-235240
What is 20021021010 (base 4) in base 7?
24100212
What is 15144052 (base 6) in base 9?
883005
What is 102121102100 (base 3) in base 6?
4521443
Convert -122573 (base 10) to base 5.
-12410243
What is -3013002203 (base 4) in base 9?
-1472302
Convert 223023213 (base 4) to base 2.
101011001011100111
-41102221 (base 6) to base 14
-228149
-14ad0 (base 16) to base 12
-41014
Convert -243043 (base 7) to base 12.
-2175a
Convert -33aa5a (base 12) to base 11.
-515788
-520844 (base 9) to base 2
-1001011011100111111
Convert 7120776 (base 8) to base 12.
765b12
Convert 47554661 (base 8) to base 13.
2206614
-926a3 (base 14) to base 13
-c4614
100101011000010100100001 (base 2) to base 6
550005253
Convert b9346 (base 12) to base 15.
4c509
-212446 (base 10) to base 9
-353371
What is -13dfa (base 16) in base 9?
-133586
Convert -2b2327 (base 13) to base 8.
-4031473
Convert -20117 (base 12) to base 7.
-232246
What is -110101110010101001 (base 2) in base 15?
-45439
Convert -2222013132 (base 4) to base 16.
-aa1de
Convert 125b75 (base 12) to base 16.
49649
-122000220132 (base 4) to base 11
-3937796
-324422204 (base 5) to base 13
-3a2493
What is 11321100 (base 4) in base 6?
303440
27c4e (base 15) to base 14
3473b
25077b (base 12) to base 4
2103011033
What is -10d4004 (base 15) in base 4?
-232000320232
Convert 409717 (base 11) to base 12.
2782a0
Convert 735837 (base 10) to base 9.
1341336
1111220220201 (base 3) to base 4
3010221223
12021392 (base 10) to base 12
40389a8
Convert -212101201021220 (base 3) to base 11.
-7022970
Convert -151905 (base 10) to base 6.
-3131133
What is 45472554 (base 8) in base 12?
3376350
Convert -2745509 (base 10) to base 5.
-1200324014
120315600 (base 7) to base 11
423a946
Convert 67012 (base 8) to base 15.
8530
Convert 1203100003 (base 4) to base 15.
806c1
Convert -619c8 (base 15) to base 16.
-4b85a
What is 3398a (base 12) in base 3?
10111100221
Convert -16614051 (base 9) to base 2.
-11111110011000001001000
441179 (base 11) to base 6
23032402
Convert -11315515 (base 8) to base 14.
-482261
34412535 (base 6) to base 10
1059467
Convert 2708c (base 14) to base 3.
11212220122
Convert 31002121 (base 6) to base 4.
3120202201
Convert -eda770 (base 16) to base 3.
-1002022021202000
What is -2242355 (base 6) in base 9?
-184208
161aa (base 15) to base 5
4240020
What is -3400212041 (base 5) in base 2?
-11100010101101110011101
-17c30d (base 14) to base 2
-11001101001001001001
-24a954 (base 14) to base 7
-13461234
121111022010 (base 3) to base 16
4f410
7c81 (base 13) to base 10
17512
a798a (base 12) to base 16
35eba
10020110101222 (base 3) to base 2
110100100010001111001
Convert -16e740 (base 15) to base 8.
-4173712
Convert -52172 (base 10) to base 14.
-15028
What is -1110001100010000 (base 2) in base 16?
-e310
-1847185 (base 9) to base 8
-3746112
Convert 7ce42b (base 15) to base 6.
331552552
Convert -23426147 (base 8) to base 16.
-4e2c67
What is 88c12 (base 13) in base 14?
665bd
212020010121 (base 3) to base 9
766117
What is -3352144 (base 9) in base 7?
-21230611
-363403 (base 8) to base 14
-33615
What is -33b566 (base 12) in base 6?
-25431410
What is -20133121321 (base 4) in base 14?
-41d209
Convert 58987 (base 10) to base 2.
1110011001101011
13114043 (base 5) to base 11
89141
10000100100100010101 (base 2) to base 4
2010210111
Convert -1471751 (base 8) to base 13.
-11a63c
48696 (base 11) to base 2
10001000110011011
Convert -20406452 (base 8) to base 3.
-22010220220221
What is -3282e (base 15) in base 2?
-100111001011010101
-101321031 (base 5) to base 15
-83861
Convert -2069c (base 14) to base 2.
-10011000101000010
What is -41a006 (base 11) in base 3?
-1021011000212
22012021020 (base 3) to base 5
20130204
24624332 (base 8) to base 14
a1c1bc
1130462 (base 7) to base 11
9767a
Convert -33213120011 (base 4) to base 11.
-2346514
-26d69 (base 14) to base 2
-10111011011000001
-2414045 (base 6) to base 3
-20102200002
-ae53c (base 15) to base 4
-2013122322
Convert -432237 (base 8) to base 4.
-203102133
Convert 11010000221201 (base 3) to base 4.
20111210203
What is 21101021221002 (base 3) in base 16?
3bdb09
Convert -2a748a (base 12) to base 7.
-6046501
Convert -10313220332 (base 4) to base 15.
-1a3338
-62271 (base 11) to base 2
-10110001011001100
Convert 50c59 (base 16) to base 4.
1100301121
Convert -321614 (base 13) to base 14.
-227cd7
What is 101000010011010011 (base 2) in base 5?
20240300
What is 1020232111 (base 4) in base 15?
5d3d7
Convert 178647 (base 10) to base 8.
534727
What is 3bca04 (base 14) in base 3?
10220012210111
What is -3709b3 (base 13) in base 10?
-1315473
What is 1543200 (base 6) in base 5?
10411230
13309f (base 16) to base 3
2100220010221
Convert 10122210100210 (base 3) to base 13.
5310c6
Convert 5476a2 (base 12) to base 7.
14251151
45022133 (base 6) to base 13
38633a
-2633053 (base 7) to base 12
-14738a
Convert -176064 (base 9) to base 8.
-325540
What is -47571 (base 9) in base 6?
-403144
What is -10113333210 (base 4) in base 9?
-2137160
5224173 (base 9) to base 5
1203311423
What is -10011100010101010010011 (base 2) in base 8?
-23425223
What is -36454253 (base 7) in base 5?
-1313213024
Convert -545b2 (base 14) to base 12.
-9a200
What is 12001221012000 (base 3) in base 7?
31623603
What is -216052 (base 7) in base 9?
-57244
What is 7044559 (base 10) in base 13?
15c85a2
-923a67 (base 14) to base 9
-10240264
What is 11123423 (base 6) in base 8?
1223547
-130115336 (base 7) to base 4
-133133300033
Convert -41021210 (base 6) to base 15.
-1816c6
Convert -16301040 (base 8) to base 5.
-1431100424
Convert -6c73a (base 16) to base 6.
-13304322
Convert 166418 (base 11) to base 2.
111110110101101010
What is 513311444 (base 6) in base 5?
4230433441
-4352603 (base 7) to base 16
-825f5
-3a87520 (base 12) to base 11
-6620042
What is 44839 (base 12) in base 11?
62456
Convert 11111122201112 (base 3) to base 5.
1103111223
What is -57187 (base 14) in base 10?
-211603
What is 3303273 (base 12) in base 9?
20238556
What is -1813a (base 15) in base 14?
-20569
Convert 187779 (base 10) to base 14.
4c60b
-13141330 (base 5) to base 6
-2445424
Convert -1cde76 (base 15) to base 7.
-15006324
82d41 (base 15) to base 9
701817
-70641 (base 12) to base 4
-203222101
Convert -227434 (base 10) to base 9.
-375874
What is 26057366 (base 8) in base 14?
aaa850
-609b (base 14) to base 15
-4dbb
-1021002212 (base 3) to base 16
-611f
Convert 633163 (base 13) to base 10.
2320282
What is 2201032200 (base 4) in base 15?
d0a09
What is c984 (base 13) in base 7?
144420
Convert -5011413 (base 6) to base 9.
-387250
Convert -1589ab (base 13) to base 3.
-1000002121012
47313 (base 9) to base 14
b734
What is 42702774 (base 8) in base 2?
100010111000010111111100
-111660 (base 8) to base 12
-19a68
Convert -a411 (base 14) to base 10.
-28239
Convert -3322411 (base 7) to base 5.
-101042220
What is 101221101222 (base 3) in base 14?
586a3
What is -5a4e76 (base 15) in base 7?
-5